y 0 - -12*(-10)/(-4)?
29
Suppose 4*y = 3*a - 28, 0*a + 2*a + 4 = -3*y. Suppose 3*m + 5 = -5*o, 5 + 4 = 5*m + a*o. Calculate the remainder when 21 is divided by m.
1
Let g(p) = p**3 - 48*p**2 - 52*p + 280. Let r = -35 - -69. Calculate the remainder when g(49) is divided by r.
31
Let x = 1426 - 1246. What is the remainder when x is divided by 17?
10
Suppose 3*a + 4*t - 98 - 21 = 0, 49 = a - t. Let j be (5 - 14/21)*(26 + 1). Let c = j + -93. What is the remainder when a is divided by c?
21
Calculate the remainder when 57 + 2 - -5*4/(-10) is divided by 17.
6
Let c = 20 + -16. Suppose l + 7 = 4*y, 5*l = y - 2*y + 49. Suppose -4*t + 65 = l. Calculate the remainder when t is divided by c.
2
Let p = 53 + -50. Suppose p*d - 456 = -87. Calculate the remainder when d is divided by 31.
30
Suppose 3*w - b = 7*w - 507, -3*b + 251 = 2*w. What is the remainder when 237 is divided by w?
110
Let q = -89 - -91. What is the remainder when ((-4)/6)/(q/(-234)) is divided by 27?
24
Suppose 0 = 2*y + 2, u - 2*u - 3*y = -17. Let t(x) = x**3 + 13*x**2 - 8*x - 27. What is the remainder when t(-13) is divided by u?
17
Let r(n) = 2*n**2 - n + 2. Let y be r(-2). Suppose -c + 32 = 4*c - 4*g, 5*g = 3*c - 27. What is the remainder when ((-13)/(-1))/(12/y) is divided by c?
1
Let r(t) = t - 4. Let f be r(7). Let p = f - 35. What is the remainder when 47 is divided by ((-21)/(-28))/((-2)/p)?
11
Suppose -70*y + 15*y - 26*y + 4374 = 0. What is the remainder when y is divided by (-62)/(-8) + (-2)/(-8)?
6
What is the remainder when (-4)/(-1) - 18/27*-837 is divided by 12?
10
Let p(r) = 7*r**2 + 18*r - 22. Calculate the remainder when p(-7) is divided by 7.
6
Suppose 4*g + 21*x = 23*x + 224, 0 = g + 5*x - 78. What is the remainder when 343 is divided by g?
53
Let y = -226 - -246. Calculate the remainder when 199 is divided by y.
19
Suppose 27 = 13*f - 454. Calculate the remainder when f is divided by 8.
5
Suppose 0 = v - 234 + 227. What is the remainder when 20 is divided by v?
6
Let u = 1985 + -1954. What is the remainder when 94 is divided by u?
1
Suppose 0 = -c + 13 + 5. Let k = 60 - 10. Calculate the remainder when k is divided by c.
14
Let d(f) = f**3 + 9*f**2 + 12*f + 17. Let y be d(-7). Let u = 3 - y. What is the remainder when 59 is divided by (-3)/(-12) + (-413)/u?
14
Let r = -177 - -200. What is the remainder when 137 is divided by r?
22
Let a = -149 + 188. Suppose -3*t = 10 - 70. Calculate the remainder when a is divided by t.
19
Let b = -1063 - -1080. What is the remainder when 149 is divided by b?
13
Let s(j) = -3*j**3 - 3*j**2 - 11*j - 1. What is the remainder when s(-3) is divided by 18?
14
Calculate the remainder when 548 is divided by 0/(-3) + (-690)/(-10).
65
Let r(g) = -71*g**2 - 3*g + 2. Let v be r(1). Calculate the remainder when (12/(-18))/(3/v) is divided by 3.
1
Let v(q) = -q - 9. Let b be v(-8). Let f = -12 - -25. Calculate the remainder when f is divided by 8*3/(2 - b).
5
Suppose 0 = -19*t + 26*t - 196. What is the remainder when 215 is divided by t?
19
Suppose -2*r + y + 0 = -5, -5*y - 11 = -3*r. Let f be r + (-1 - 0) + 3. Suppose -f*i + 12 = -8. What is the remainder when 12 is divided by i?
2
Suppose 0 = -4*o + 11 + 5, 5*o + 33 = s. Calculate the remainder when 263 is divided by s.
51
Let a be 28*2/(1 - 3). Let y = -25 - a. Suppose -1 + 55 = y*o. Calculate the remainder when 70 is divided by o.
16
Let z(t) = -t**3 - 3*t**2 - 5. Suppose -63 + 9 = -a. What is the remainder when a is divided by z(-4)?
10
Suppose 2*v = -3*h + 3*v + 146, 20 = -4*v. Suppose -h = -5*f + 3. What is the remainder when 29 is divided by f?
9
Let r(d) = -d**3 + d**2 + 22*d + 16. Calculate the remainder when 126 is divided by r(5).
22
Suppose 0 = 5*d - 893 - 907. Suppose -5*v = -v - d. Suppose -5*s = -3*f + 99, -s + 3*s + v = 3*f. Calculate the remainder when 55 is divided by f.
27
Let k(y) = -y**3 + 21*y**2 - 12*y - 42. Let t be k(20). Suppose 0 = -t*u + 113*u + 25. Calculate the remainder when 17 is divided by u.
2
Let o(q) be the second derivative of -53*q**5/20 - q**4/12 + q**2/2 - 10*q. Calculate the remainder when o(-1) is divided by 14.
11
Let r(w) = 54*w + 284. Calculate the remainder when 338 is divided by r(-4).
66
Let q(y) = y**2 - 7*y - 2. Let u be q(7). Let j(x) = 6*x. What is the remainder when j(3) is divided by (-60)/(-5) + -4 - u/1?
8
Let u(l) = -40*l**2 - 649*l - 93. Suppose 2*o = 268 + 240. What is the remainder when o is divided by u(-16)?
50
Let j = -358 + 367. Calculate the remainder when 205 is divided by j.
7
Let w = -12664 + 12670. Suppose 3*m = -m + 68. What is the remainder when m is divided by w?
5
Let a(v) = 18*v + 39. Let l(i) = -i. Let s(q) = -a(q) - 2*l(q). What is the remainder when s(-9) is divided by 27?
24
Let o(y) = -625*y**3 - y**2 + 4*y + 5. What is the remainder when o(-1) is divided by 57?
55
Let n(l) = -l**3 + 6*l**2 - 7*l + 3. Let g be n(5). Let u = g + 5. Let j(i) = i**3 + 3*i**2 + 1. What is the remainder when 18 is divided by j(u)?
3
Suppose 505 = 5*u - 3*x, 0 = -5*u - 4*x + 450 + 55. Calculate the remainder when u is divided by 26.
23
Suppose 2*n + 17 = 19. Suppose -b + 5*d - 10 = 0, -2*d - 13 + n = -2*b. What is the remainder when 15 is divided by b?
5
Suppose 5*r - 15 - 12 = -2*o, -5*o + 3*r - 10 = 0. Calculate the remainder when (-4)/(-10)*120/o is divided by (-861)/(-35) + -3*(-6)/45.
23
Suppose 66*q - 16 = 62*q. Let l(x) = -2*x + 1. Let p be l(-3). Let b = q + p. What is the remainder when b is divided by 3?
2
Let i = 26 + -8. Let u = -96 - -184. Calculate the remainder when u is divided by i.
16
Let a = 16 - -49. What is the remainder when a is divided by -75*((-50)/15 - -3)?
15
What is the remainder when 67 is divided by (-5)/(-25)*-1*-85?
16
Suppose -5*q + 22 = 3*p, -3*p - 2*p + 3*q + 82 = 0. What is the remainder when (-92)/(-5) - 4/10 is divided by (-52)/(-91) + 90/p?
4
Suppose 248*f = 252*f - 172. What is the remainder when 70 is divided by f?
27
Let t be (-1)/(-2) + 2/(-4). Suppose t = -2*p + 118 + 60. Suppose -33*r + 326 + 433 = 0. What is the remainder when p is divided by r?
20
Suppose -3*s + 9 = 5*y, 10*y - 6*y + 4 = -s. What is the remainder when 26 is divided by s?
2
Calculate the remainder when 33 is divided by (-24)/4 + 1 + 8.
0
Suppose -2*a - p = -81, -3*p = 2*a - p - 82. What is the remainder when 116 is divided by a?
36
Let n(i) be the first derivative of -5*i**2/2 - 14*i + 21. What is the remainder when 28 is divided by n(-4)?
4
Suppose -5 = -j - 3*s, 3*j - 3*s = -4*s + 23. Suppose k + j*w = 3*w + 47, -4*w + 174 = 3*k. What is the remainder when k is divided by 16?
14
Let w(x) = -x - 3. Let h be w(-5). Let b = h + 9. Suppose 0 = -150*u + 143*u + 42. Calculate the remainder when b is divided by u.
5
Calculate the remainder when (-26)/1*(-1 - 6)/7 is divided by 15.
11
Let u = -258 + 267. Suppose -5*c + 4*n - 125 = -443, n - 184 = -3*c. Suppose -5*r + 58 + c = 0. Calculate the remainder when r is divided by u.
6
Let n be (11/(-3))/((-1)/(-3)). Suppose 0 = -2*k - i - 4*i + 56, 0 = k + 4*i - 34. Let j = n + k. Calculate the remainder when 19 is divided by j.
5
Let p(b) = -b**3 - 2*b**2 - 2*b + 4. Let d be 204/(-60) - 2/(-5). Calculate the remainder when p(d) is divided by 7.
5
Suppose 51*l - 28 = 50*l + n, -4*l + 116 = -3*n. What is the remainder when l is divided by 4?
0
Let u(b) = -b + 3. Let p be u(7). Let a(l) = -l**3 + 30. Let i be a(0). Let o = i + p. Calculate the remainder when 49 is divided by o.
23
Suppose 5*g = -4*u + 709, -3*g = 2*u - 0*g - 357. What is the remainder when u is divided by 16?
11
Suppose -189*k + 194*k - 2*h - 53 = 0, 2*k - 4*h = 18. Let l = 50 - 34. Calculate the remainder when l is divided by k.
5
Let y(a) = -8*a - 5. Let q be y(-2). Suppose -q*x = -228 - 355. What is the remainder when 207 is divided by x?
48
Let s = 56 - 37. What is the remainder when 45 is divided by s?
7
Let v = -20 + 30. Suppose 0 = -v*q + 304 + 306. Suppose 5*w - 163 = -8. Calculate the remainder when q is divided by w.
30
Suppose 0 = 14*l - 3*l - 165. Let r(x) = -x**2 + 3*x + 4. Calculate the remainder when l is divided by r(3).
3
Let b = 865 - 831. What is the remainder when 124 is divided by b?
22
Let a be 1*5*(-36)/(-30). Let v = -3 - -6. Suppose 70 = v*p - 2*k, 5*k + 19 + a = 0. Calculate the remainder when p